f 64 and v?
8
Suppose -3*i = 364 - 562. Suppose 4*a + 5*v - 201 = 0, -3*v + 15 = -0*v. What is the greatest common factor of i and a?
22
Let o(i) = 2 + 8*i**3 - 4 - 4*i**2 + 2. Let q be 2/(-3) + (-33)/(-9). Let z be o(q). Calculate the highest common divisor of z and 20.
20
Suppose -m - 1 = 2*s, -2*m + s - 2 = -10. Suppose 4*j = 4*w - 116, 20 = 4*w + m*j - 89. Let f = -25 + 53. Calculate the greatest common divisor of w and f.
28
Let a(i) = i**2 - 5*i + 5. Let f be a(-5). Calculate the greatest common divisor of f and 5.
5
Let p(h) = -19*h - 4*h**2 - 1 + 5*h**2 - 2*h**2. Suppose k - 43 = 3*c, -25*k = -27*k + 8. Let v be p(c). Calculate the greatest common divisor of v and 7.
7
Suppose 0 = -g - 5*r + 16, 10*g - 120 = 5*g - 5*r. Let m(f) = f**2 + 7*f - 3. Let p be m(-8). Let i = g - p. What is the greatest common factor of 168 and i?
21
Let t = -109 - -147. Suppose t*a - 35*a = 432. What is the highest common divisor of a and 16?
16
Let s(a) = 20*a**2 - 1. Let d be s(1). Let p be (-540)/(-40)*(-2)/(-3). Let b = d + p. What is the highest common divisor of 308 and b?
28
Let h be (1 + 1)/((-4)/(-6)). Let m be -2*(-5)/((-20)/58). Let d = m - -44. Calculate the greatest common factor of h and d.
3
Let x(u) = 2*u**3 - 27*u**2 - 37*u - 26. Let j be x(15). What is the highest common factor of j and 564?
94
Let d = 161 - -154. Calculate the highest common divisor of d and 35.
35
Suppose -11*r + 885 = 4*r. Suppose -3*j + 15 = 2*j, -5*z = 3*j - r. What is the highest common divisor of 160 and z?
10
Let s(m) = -2*m - 18. Let k be s(-9). Let h(r) = r**3 + r**2 + 2*r + 82. Let a be h(k). Calculate the highest common factor of 41 and a.
41
Suppose 87 + 153 = 4*s. Suppose -14*x + 10*x + 80 = 5*k, 4*k - 46 = -2*x. Calculate the greatest common factor of s and x.
15
Let b = 2827 - 1263. Calculate the greatest common factor of b and 136.
68
Let j be (120/(-7))/(69/(-483)). What is the highest common divisor of j and 30?
30
Let h(f) = -2*f + 26. Let q be h(4). Calculate the highest common divisor of q and 81.
9
Suppose 4*l - 30 + 2 = 0. Let a(f) = -24*f**2 - f + 1. Let w be a(-1). Let h = -15 - w. What is the greatest common factor of h and l?
7
Suppose -2*y + 166 = 2*o, -3*o + 243 = 3*y - 2*o. Suppose 0 = -0*a + 4*a + y. Let l = a + 44. Calculate the greatest common divisor of 12 and l.
12
Let q be ((-20)/8)/5*(10 - -2). Let k(w) = w**3 + 9*w**2 - 7*w + 10. Let s be k(q). Calculate the highest common factor of s and 20.
20
Let t be (-351)/(-18)*2/3. What is the highest common divisor of t and 52?
13
Let k = 244 - 230. What is the greatest common factor of k and 322?
14
Let u(y) = y**3 + y**2. Let l(v) = -6*v**3 + 4*v**2 - 2*v - 2. Let j(g) = -l(g) - 5*u(g). Let q be j(9). What is the greatest common factor of 140 and q?
20
Let b be 1952/48*18/4. Calculate the highest common divisor of b and 244.
61
Let c = -159 + 175. Let m = -16 + 11. Let y be m*1*256/(-20). What is the greatest common factor of c and y?
16
Let o = -138 + 141. Let r be (o/2)/(5/10). What is the highest common divisor of 24 and r?
3
Let u = 1032 + -1004. What is the greatest common divisor of u and 602?
14
Let s be (-6)/15 + 1507/5. Calculate the greatest common divisor of 172 and s.
43
Let i be -15 - -7 - -6 - (-361 - 1). What is the highest common factor of 45 and i?
45
Suppose 4*h + 2*g + 2*g = 196, 0 = h - g - 47. What is the highest common factor of 3 and h?
3
Let h(o) = -o**3 - 4*o**2 + 5*o + 6. Let k be h(-5). Let y = -3 + k. Let b = -159 - -161. What is the highest common divisor of y and b?
1
Suppose 0 = 4*c - 4*a - 16, 3*a - 56 = -5*c - a. Calculate the greatest common factor of 12 and c.
4
Suppose 77 = 3*r + 20. Let f be (-54)/5*(-20)/6 + 50 + -48. What is the highest common factor of f and r?
19
Suppose -15 = -3*n, 3*i - 20 = n - 2*n. Let q(v) = -v**2 + 7*v - 4. Let u be q(i). Let b = 14 + 4. Calculate the highest common divisor of b and u.
6
Let w(d) = -6*d + 3. Let j be w(-2). Let o be 35/14*2*1. Let i be 1*o*(1 + 2). Calculate the greatest common divisor of i and j.
15
Let d be 25 - (1 - 0 - (-1 - -5)). What is the highest common divisor of 12 and d?
4
Let y(n) = -n**2 - 15*n - 7. Let u(j) = j - 1. Let o(v) = u(v) + y(v). Let b be o(-12). What is the greatest common factor of b and 40?
8
Suppose 137 = 48*w - 103. Let y be 7/21 + (-167)/(-3). Let a = y - 21. Calculate the highest common divisor of a and w.
5
Let m be -21*((-6)/(-12))/(2/(-4)). What is the highest common factor of 56 and m?
7
Suppose -371 = -4*c - 5*g, 10*c + 2*g + 406 = 14*c. What is the greatest common factor of 55 and c?
11
Let l be (-308)/(-21) - (3/(-9) + 1). Suppose 2*k - 3*p = -5, 8 + 7 = 4*k - p. Suppose g = k*g - 504. What is the greatest common divisor of l and g?
14
Let j(r) = -r**2 - r - 3. Let m be j(-2). Let h = m - -16. Calculate the highest common factor of 11 and h.
11
Suppose -2*p = 4*j - 88, 5*p = 3*j - 40 - 26. Calculate the greatest common divisor of j and 198.
22
Let q be (-2454)/(-48) - 1/8. What is the highest common divisor of q and 85?
17
Let j(w) be the third derivative of w**4/24 - w**3/6 - 10*w**2. Let l be j(3). What is the greatest common divisor of 18 and l?
2
Suppose -43*p + 2574 = -21*p. Let m = -13 - -26. What is the greatest common factor of p and m?
13
Let d(t) = t**2 + 42*t + 218. Let o be d(-36). Let h(v) = v**2 + v - 1. Let c = 4 + -6. Let y be h(c). Calculate the greatest common factor of o and y.
1
Suppose -3*m + 3*p + 199 = 2*m, -p - 193 = -5*m. Suppose -m + 2 = -4*f. Suppose y = -0*y + f. What is the highest common factor of 81 and y?
9
Suppose -3*i + 43 = -0*t + 2*t, 3*t - 27 = 3*i. Let c = 8 - 1. Suppose 2*x - c*x + 70 = 0. Calculate the highest common divisor of x and t.
14
Let a(j) = 44*j**3 + 10*j - 12. Let k be a(1). Calculate the highest common factor of 798 and k.
42
Let n = 310 + 1142. Calculate the greatest common factor of n and 264.
132
Let p = 2 - 2. Suppose -2*m + 11 + 3 = p. Let o = 312 + -291. What is the greatest common factor of o and m?
7
Let s(y) = -10*y - 238. Let z be s(-37). What is the greatest common factor of 231 and z?
33
Let m be 50/(-4)*20/(-75)*9. Let t be 4 + -3 + (-2)/(-1). Suppose -6 = u - 5*o + 3, 0 = -3*u + t*o + 9. What is the greatest common factor of m and u?
6
Let i be 11*(14 + (1 - 4)). Let l = 176 - i. Suppose 0 = 4*c + 4*h - 97 + 33, 0 = -2*h + 10. Calculate the greatest common factor of l and c.
11
Let v = 522 + -502. Calculate the highest common factor of 10 and v.
10
Suppose 8*c + 1152 = 32*c. What is the greatest common factor of c and 816?
48
Let a(m) = 2 - 6*m**2 - 2 + 6*m - 1 - m**3 + 4*m**2. Let b be a(-5). Let f be 46/4 - (-3)/(-6). Calculate the greatest common divisor of b and f.
11
Suppose 0 = 3*b + 228 - 849. Calculate the greatest common divisor of 9 and b.
9
Suppose 2*h = -2*g + 304, 2*h - 310 + 15 = -5*g. What is the highest common factor of h and 93?
31
Suppose 67 = 11*c - 32. Let t(v) = -2*v**3 - 7*v**2 + v - 7. Let y be t(-5). Calculate the highest common divisor of c and y.
9
Let t(r) = 16*r - r**3 - 8*r + 4*r**2 - 9 + 2*r**2. Let v be t(6). Suppose 3*h + h = 4, -4*y = -5*h - v. Calculate the highest common factor of y and 11.
11
Let w(i) = -7*i + 70. Let a be w(10). Let d be 22 + -17 + (140 - a). What is the greatest common divisor of d and 58?
29
Let w be 48/120 + (2058/10)/3. What is the highest common factor of w and 460?
23
Let q be 11/((-55)/(-3045)) - 4. Calculate the greatest common factor of q and 55.
55
Suppose -4*d = 0, 16*d - 15*d = -2*o + 36. What is the highest common divisor of o and 342?
18
Suppose -2*j + 8 = -0*j. Suppose 5*r = -4*w + 45, 3*w = -r + j*r. Suppose 2*m + d = 19, w*d - 40 = -2*m - 3*m. What is the greatest common factor of 77 and m?
11
Suppose -16*a = -22*a + 216. Calculate the highest common divisor of 306 and a.
18
Let z be 2/(-4) - (5 + 114/(-12)). Suppose z*u - 3*b + 8*b = 384, 2*u = -4*b + 192. Calculate the greatest common factor of 24 and u.
24
Suppose -w - 4*j = -88, 296 = 4*w - 0*j + 2*j. Calculate the highest common divisor of 56 and w.
8
Let l be ((-20169)/(-9) - 10) + 10. What is the highest common divisor of l and 27?
27
Let a be (-1)/2 + (-324)/(-8). Suppose i - 22 = -18. Suppose -9*h + 50 = -i*h. What is the highest common divisor of a and h?
10
Let j = 20 - 4. Le